s divided by 11?
8
Suppose 121*c - 4774 = -8*c - 25*c. Let d(r) = r + 59. What is the remainder when d(0) is divided by c?
28
Let g = -30 + 55. Calculate the remainder when 98 is divided by g.
23
Let i(o) = o**3 + 15*o**2 - 9*o - 34. What is the remainder when i(-15) is divided by 13?
10
Let f(m) = -3*m + 4. Let s be f(3). Let b = 25 + s. Calculate the remainder when 99 is divided by b.
19
Let r = -10 + 15. Let l(j) = 5*j**2 + 6*j - 2. Let y be l(r). Suppose 4*x - y = -5*a, a + 27 = 2*a + 2*x. Calculate the remainder when a is divided by 18.
15
Let t = -35 - -45. Calculate the remainder when 186 is divided by t.
6
Let w = 17 + -22. Let z = 33 + -27. What is the remainder when ((-11)/(-5))/((-1)/w) is divided by z?
5
Suppose -2*f + 36 = -0*f. Let x = -18 + f. What is the remainder when 3 is divided by (2 - -1) + x - 2?
0
Let j(y) = -3*y**2 + 46*y + 14. Let d(u) = u**2 - u. Let b(c) = 5*d(c) + j(c). Calculate the remainder when 103 is divided by b(-21).
33
Let x(i) = -i**3 - 4*i**2 - 5*i - 30. Let u be x(-6). Let v be (0 + -6)/(6/(-4)). Suppose v*b - b = u. Calculate the remainder when 70 is divided by b.
22
Let d = 35 + -29. Suppose 17 = d*f - 13. What is the remainder when 8 is divided by f?
3
Suppose 3*r - 19 = -5*w, -5*r = -w + 7 + 8. Suppose -x = -6*x - w*v + 35, 3 = 3*v. Calculate the remainder when 7 is divided by x.
1
Let w be 3/1*3/9. What is the remainder when (-8)/4 + 21/w is divided by 4?
3
Suppose 8*h - 29 - 35 = 0. Suppose h*p + 683 = 2379. Let m = p + -97. What is the remainder when m is divided by 39?
37
Suppose 3*s - 16 = 2*m + 16, -4*s + 3*m + 41 = 0. What is the remainder when 81 is divided by s?
11
Suppose 0 = -2*l + x + 2130, -7*l - 2136 = -9*l + 4*x. Suppose 0 = -16*h - 3*h + l. Calculate the remainder when h is divided by 20.
16
Suppose -5*g - 249 = -954. What is the remainder when g is divided by 11?
9
Suppose 224*a - 219*a = 45. What is the remainder when 74 is divided by a?
2
Let u(b) = -27*b + 18. Let r be u(-8). Suppose -g + 33 = 4*f, 5*g + f - r = 4*f. Calculate the remainder when g is divided by 23.
22
Let h be 0 + (-3 - 169) + 2. Let o = 331 + h. Calculate the remainder when o is divided by 41.
38
Calculate the remainder when 374 is divided by 9*((-1 + 1)/(-6) - -3).
23
Let v(a) = a**2 - 7*a + 4. Let x be v(6). Let l = x + 4. Suppose i = 4*c - 101, -l*i = -6*i - 4. Calculate the remainder when 99 is divided by c.
24
Let b = -1748 - -1840. What is the remainder when b is divided by 33?
26
What is the remainder when 107 is divided by (-3 - 1080/(-35)) + 2/14?
23
Let i = -13 - 17. Let a = i - -49. What is the remainder when 53 is divided by a?
15
Suppose 8*y - 6 = -2*h + 3*y, 3*h - 9 = -2*y. Let n(d) = -d**2 + 9*d + 24. Let t be 33*((-5)/(-6))/(-5)*-2. What is the remainder when h is divided by n(t)?
1
Let b = 198 + -160. Calculate the remainder when b is divided by 10.
8
Let i(y) = 13*y - 9*y - 5*y - 16 - 2*y. Let n be i(-7). Suppose 0*z - n*z + 175 = 0. Calculate the remainder when z is divided by 9.
8
Let b = -1275 + 1303. Calculate the remainder when b is divided by 68/8*2*1.
11
Let d(q) = q**2 + 10*q - 15. Let c be d(-12). Suppose -c*z + 4*z = 30. Let g = 12 + z. Calculate the remainder when g is divided by 4.
2
Let m = 740 + -268. Suppose 4*w + 4*o - m = 0, -3*w - 2*w + 4*o = -590. Calculate the remainder when w is divided by 11.
8
Let g(y) = y - 1. Let x be g(4). Suppose 3*f - x*s + 23 = 101, -5*f - 3*s = -130. Calculate the remainder when f is divided by 9.
8
Let b(d) = -d**2 - 16*d - 10. Suppose -7 - 11 = 2*l. Calculate the remainder when b(l) is divided by 20/(-4) + 1 + 23.
15
Suppose 4*h - 4 = 0, -2*o - h + 15 = -4. Let n(l) = 3*l**2 + 2*l - 2. Calculate the remainder when o is divided by n(1).
0
Let z(p) = p**3 + 0*p - 11*p**2 + 6*p**2 + 5*p + 7. Let b = 12 - -5. What is the remainder when z(5) is divided by b?
15
Let f = -2 + 10. Suppose -47*n + 23*n + 250 = -19*n. Calculate the remainder when n is divided by -2*(-26)/f*2.
11
Let s = -3569 - -3635. Suppose -5*t - 3*n + 106 = -0*n, -3*t = -2*n - 75. Calculate the remainder when s is divided by t.
20
Suppose 2*z + 0*z + 14 = 0. Calculate the remainder when 39 is divided by 2/(-4)*z*4.
11
Let s = -22 - -52. Suppose -s = 3*k + 6. Let v = k - -29. What is the remainder when 67 is divided by v?
16
What is the remainder when 3 + -1 + 1 - 1 is divided by ((-1)/2)/((-109)/218)?
0
Let r be 18/(-24) - 3/(-4). Suppose -3*n + n = r. Let i = n - -20. Calculate the remainder when 77 is divided by i.
17
Suppose 4*q - 165 = -q. What is the remainder when (3/6)/((-21)/(-5418)) is divided by q?
30
Let f = -68 - -114. Let c be 2 - 2 - (-1 - -1). Suppose c*d = 2*d - 24. Calculate the remainder when f is divided by d.
10
Suppose 9 = t - 7. What is the remainder when (459/(-17))/(-1*1) is divided by t?
11
Suppose g + 35 = -4*o + 564, 0 = o + 4*g - 136. Calculate the remainder when o is divided by 27.
24
Let w(d) = d**3 + 10*d**2 + 10*d + 14. Let p be w(-9). Suppose 5 = -5*n, -o + p*n + 5 = 26. Let c = 45 + o. What is the remainder when 35 is divided by c?
16
Suppose 2*a = -3*r + 14, -2 = -11*r + 10*r. Let q(b) = 33*b + 1. Let d be q(1). Suppose 0 = -2*w + d - a. Calculate the remainder when 59 is divided by w.
14
Suppose -3*q + 2*q + 2 = 0. Suppose -3*k = -c + 17, 18 = 4*c - q*k - 0*k. What is the remainder when 82 is divided by (168/(-4))/(c + -4)?
19
Let l(w) = 6 + w**2 + 7*w + w + 0*w**2. What is the remainder when l(-11) is divided by (-1 + -1)*2/(-4)*10?
9
Suppose 567 = 23*i + 61. Calculate the remainder when 100 is divided by i.
12
Let y be 12/(-24) + (-18)/(-4). Suppose -6*c + y*c + 2*h = -34, 2*h = -2*c + 42. Calculate the remainder when -35*(16/(-10) - 0) is divided by c.
18
Suppose -c = 4*c + 25, -3*z + 1097 = -4*c. What is the remainder when z is divided by 90?
89
Let c(t) = 38*t**3 - 15*t + 15. Calculate the remainder when 98 is divided by c(1).
22
Let w(f) be the second derivative of -5*f**3/2 - 37*f**2/2 + f. What is the remainder when w(-8) is divided by 14?
13
Let u(o) = -571*o - 5. Let a be u(-2). Let n = -584 + a. Suppose -2*r - 5*r = -n. What is the remainder when r is divided by 16?
15
Let l = -87 - -36. Let d = 189 + l. What is the remainder when d is divided by 28?
26
Let q(d) = d**3 - 2*d**2 - d. Suppose -3*t - 4 = -4*t. What is the remainder when q(t) is divided by 8?
4
Let x(n) = -2*n + 44. Let l(r) = -r + 1. Let q be l(-2). Suppose q*i + 35 - 176 = 0. Calculate the remainder when i is divided by x(14).
15
Suppose -47*d - 34 = -49*d. Let k(u) = 2*u + 3. What is the remainder when d is divided by k(4)?
6
Suppose -251 = -l - 2*l - j, -4*j + 20 = 0. Let c = l - 28. Let o = 193 + -179. Calculate the remainder when c is divided by o.
12
Let p(g) = g**3 - 3*g**2 + 4*g + 17. What is the remainder when p(4) is divided by 17?
15
Let r = 30 - -6. Calculate the remainder when 319 is divided by r.
31
Suppose 3*i + 31 = -4*p, 2*i - 2*p = -0*i - 30. Let j = i + 16. Suppose 1 = -r + 3. What is the remainder when j is divided by r?
1
Suppose 5*f + 2*w + 4 = 7, 2*f = -3*w - 1. Suppose h + 7 = 2*j, -24*j + 19*j + 28 = h. Calculate the remainder when h is divided by f.
0
What is the remainder when (-4280)/(-104) - 6/39 is divided by 34/3 - (-4)/6?
5
Suppose 3186 = 10*v - 1584. Calculate the remainder when v is divided by 30.
27
Let o(v) = 10*v - 49. Let s be o(5). Calculate the remainder when 142 is divided by 72/(-24) - (-20 - (2 - s)).
16
Suppose -2*o + 56 = 2*c - 6*o, 0 = -3*c + 5*o + 81. Let n = -23 - -64. What is the remainder when n is divided by c?
19
Let w(q) = 137*q**2 - 3*q + 8. Calculate the remainder when w(2) is divided by 7.
4
Suppose -2*t - 3*t = -25. Suppose t*w - 135 = 5*n, 2*n + 120 - 10 = 4*w. Calculate the remainder when 82 is divided by w.
26
Let z be ((-2)/3)/((-6)/1107). Let w = -71 + z. What is the remainder when w is divided by 14/(-28) + 95/10?
7
Let y be -1 - 9/((-27)/(-60)). Let w = -18 - y. Suppose 0*g - 285 = -w*a + 3*g, -5*a - 3*g = -459. Calculate the remainder when a is divided by 24.
21
Let k(j) = j - 12. Let v be k(9). Let m be 1 + v/(9/(-6)). Suppose 0 = -4*w + 4*p + 92, 0*w + 2*p + 65 = m*w. Calculate the remainder when 56 is divided by w.
18
Let m be (12/9)/((-4)/(-186)). Let g = m - 42. Suppose -x - 3*x + g = 0. What is the rema